{"id":754,"date":"2019-10-08T15:54:41","date_gmt":"2019-10-08T18:54:41","guid":{"rendered":"https:\/\/cursolider.com.br\/2018\/?post_type=product&#038;p=754"},"modified":"2022-03-16T20:51:10","modified_gmt":"2022-03-16T23:51:10","slug":"isoladas","status":"publish","type":"product","link":"https:\/\/cursolider.com.br\/2018\/produto\/isoladas\/","title":{"rendered":"ISOLADAS"},"content":{"rendered":"<ul style=\"list-style-type: circle;\">\n<li>IN\u00cdCIO: <strong>20\/04\/2022<\/strong><\/li>\n<li>DURA\u00c7\u00c3O: 2 MESES<\/li>\n<li>TURNOS: MANH\u00c3, TARDE e NOITE<\/li>\n<li>MAT\u00c9RIAS: PORTUGU\u00caS, RACIOC\u00cdNIO, DIREITO PENAL, DIREITO PROCESSUAL PENAL, DIREITO ADMINISTRATIVO E CONSTITUCIONAL e INFORM\u00c1TICA.<\/li>\n<\/ul>\n","protected":false},"excerpt":{"rendered":"<p>PAGAMENTO NO SITE: R$ 500,00 \u00c0 VISTA OU EM AT\u00c9 12X COM JUROS DO PAG-SEGURO<\/p>\n<p>PAGAMENTO PRESENCIAL: R$ 500,00 \u00c0 VISTA OU R$ 600,00 AT\u00c9 4X NO CART\u00c3O<\/p>\n","protected":false},"featured_media":787,"comment_status":"open","ping_status":"closed","template":"","meta":{"_monsterinsights_skip_tracking":false,"_monsterinsights_sitenote_active":false,"_monsterinsights_sitenote_note":"","_monsterinsights_sitenote_category":0},"_links":{"self":[{"href":"https:\/\/cursolider.com.br\/2018\/wp-json\/wp\/v2\/product\/754"}],"collection":[{"href":"https:\/\/cursolider.com.br\/2018\/wp-json\/wp\/v2\/product"}],"about":[{"href":"https:\/\/cursolider.com.br\/2018\/wp-json\/wp\/v2\/types\/product"}],"replies":[{"embeddable":true,"href":"https:\/\/cursolider.com.br\/2018\/wp-json\/wp\/v2\/comments?post=754"}],"wp:featuredmedia":[{"embeddable":true,"href":"https:\/\/cursolider.com.br\/2018\/wp-json\/wp\/v2\/media\/787"}],"wp:attachment":[{"href":"https:\/\/cursolider.com.br\/2018\/wp-json\/wp\/v2\/media?parent=754"}],"curies":[{"name":"wp","href":"https:\/\/api.w.org\/{rel}","templated":true}]}}