{"id":139,"date":"2018-05-24T21:55:36","date_gmt":"2018-05-25T00:55:36","guid":{"rendered":"http:\/\/cursolider.com.br\/2018\/?post_type=product&#038;p=139"},"modified":"2019-11-14T16:20:11","modified_gmt":"2019-11-14T19:20:11","slug":"supletivo-1o-grau","status":"publish","type":"product","link":"https:\/\/cursolider.com.br\/2018\/produto\/supletivo-1o-grau\/","title":{"rendered":"Supletivo 1\u00ba Grau"},"content":{"rendered":"<h3 class=\"course-des-title\">Informa\u00e7\u00f5es do curso<\/h3>\n<div class=\"course-des-content\">\n<h4 class=\"\\\"><strong>Ensino Fundamental (1\u00ba Grau)<\/strong><\/h4>\n<ul>\n<li>\n<h4>N\u00e3o tem aulas para o N\u00edvel Fundamental apenas material ou conte\u00fado program\u00e1tico<\/h4>\n<\/li>\n<li>\n<h4>Incluso as Provas Contendo 07 mat\u00e9rias<\/h4>\n<\/li>\n<li class=\"\\\">\n<h4>Incuso transporte para realizar as Provas em Jo\u00e3o Pessoa<\/h4>\n<\/li>\n<li>\n<h5><strong>Data das pr\u00f3ximas Provas: 08\/12\/2019 e 15\/12\/2019.\u00a0<\/strong><strong>(O aluno escolhe a data da Prova no ato da inscri\u00e7\u00e3o)<\/strong><\/h5>\n<\/li>\n<li>\n<h4>Tem que ter acima de 15 anos para realizar as provas do n\u00edvel fundamental.<\/h4>\n<\/li>\n<\/ul>\n<div class=\"list-expand-title\"><strong>Documenta\u00e7\u00e3o<\/strong><\/div>\n<div class=\"row\">\n<div class=\"col-md-6 col-sm-6 col-xs-6\">\n<ul class=\"list-unstyled list-detail\">\n<li><i class=\"fa fa-angle-right\"><\/i><a>Xerox: RG<\/a><\/li>\n<li><i class=\"fa fa-angle-right\"><\/i><a>Xerox: Registro de Nascimento ou Casamento<\/a><\/li>\n<li><i class=\"fa fa-angle-right\"><\/i><a>Foto 3&#215;4<\/a><\/li>\n<li><i class=\"fa fa-angle-right\"><\/i><a>CPF<\/a><i class=\"fa fa-angle-right\"><\/i><\/li>\n<\/ul>\n<\/div>\n<\/div>\n<\/div>\n","protected":false},"excerpt":{"rendered":"<h5><strong>VALOR PARA PAGAMENTOS NO SITE: \u00c0 VISTA: R$ 450,00 ou em at\u00e9 12x com Juros do Pag-Seguro<\/strong><\/h5>\n<ul style=\"list-style-type: circle;\">\n<li>Com Transporte, Provas e Material ou Conte\u00fado Program\u00e1tico no Pacote<\/li>\n<\/ul>\n<p><strong>Valor para pagamento Presencial: R$ 450,00 em dinheiro ou R$ 550,00 em at\u00e9 12x sem Juros<\/strong><\/p>\n<ul>\n<li>Com Transporte, Provas e Material ou Conte\u00fado Program\u00e1tico no Pacote<\/li>\n<\/ul>\n<h5><\/h5>\n","protected":false},"featured_media":480,"comment_status":"open","ping_status":"closed","template":"","meta":{"_monsterinsights_skip_tracking":false,"_monsterinsights_sitenote_active":false,"_monsterinsights_sitenote_note":"","_monsterinsights_sitenote_category":0},"_links":{"self":[{"href":"https:\/\/cursolider.com.br\/2018\/wp-json\/wp\/v2\/product\/139"}],"collection":[{"href":"https:\/\/cursolider.com.br\/2018\/wp-json\/wp\/v2\/product"}],"about":[{"href":"https:\/\/cursolider.com.br\/2018\/wp-json\/wp\/v2\/types\/product"}],"replies":[{"embeddable":true,"href":"https:\/\/cursolider.com.br\/2018\/wp-json\/wp\/v2\/comments?post=139"}],"wp:featuredmedia":[{"embeddable":true,"href":"https:\/\/cursolider.com.br\/2018\/wp-json\/wp\/v2\/media\/480"}],"wp:attachment":[{"href":"https:\/\/cursolider.com.br\/2018\/wp-json\/wp\/v2\/media?parent=139"}],"curies":[{"name":"wp","href":"https:\/\/api.w.org\/{rel}","templated":true}]}}